 + 5*m + t = 0. What is the tens digit of q?
2
What is the units digit of (-8)/(-4) + (-50)/(-2)?
7
Let p be (-8)/(-20) - (-22)/(-5). Let c(t) = -t**2 - 4*t + 2. Let x be c(p). Suppose 15 = h + x*h. What is the units digit of h?
5
Suppose 0 = -5*h + 4*g + 172, -3*h + 2*g + 90 = -12. What is the units digit of h?
2
Let b(x) = 1. Let t(n) be the first derivative of n**2/2 - 4*n + 2. Let r(q) = 2*b(q) + 2*t(q). What is the units digit of r(7)?
8
Suppose 4*z - 42 = 30. Let p be (-32)/z + 2/(-9). Let v = 14 - p. What is the tens digit of v?
1
Suppose 6*p - q - 23 = p, 3*q = -9. What is the units digit of p?
4
Let s(b) = b**2 - 6*b + 6. Let p(r) = r + 6. Suppose 2*v = -3*l + 2 - 11, -v - 6 = 2*l. Let h be p(v). What is the units digit of s(h)?
6
Suppose -2*f + 4*q - 4 = 0, 2 = -5*f + 4*q + 4. What is the units digit of 1 - f/4*0?
1
Let v(u) = u**2 - 15*u - 19. What is the tens digit of v(24)?
9
Let s be ((0/2)/(-1))/2. Let f be -8 + s/2 + 1. Let n = 22 + f. What is the tens digit of n?
1
Suppose 4*y - 424 = -4*m, 2*m + 8 = 6*m. What is the units digit of y?
4
Suppose 4*q - 14 = 2. Suppose -2*j + 4*x - 7 = 1, 2*x = 5*j - q. What is the units digit of j?
2
Suppose -4*k = -17 - 79. What is the units digit of k?
4
Let c = -5 + 13. What is the units digit of c?
8
Suppose 4*o = 6*o - 14. Suppose h + 4*h - 20 = 0, -2*h = 2*j. Let m = j + o. What is the units digit of m?
3
Let j(l) = 2*l**2 + 4*l + 6. What is the tens digit of j(8)?
6
Let r be 2/(-4) - (-50)/(-4). Let p = r - -21. What is the units digit of p?
8
Suppose 0 = 7*a + 59 - 479. What is the units digit of a?
0
Suppose -4*y + 4*z + 23 = 5*z, 3*y + z = 17. What is the units digit of y?
6
Let v(x) = -3*x - 2. Let a be v(-4). Suppose u = -3*w - 8, 2*u - a = u + 3*w. Let d = 3 - u. What is the units digit of d?
2
Suppose -4*d + 540 = d. What is the hundreds digit of d?
1
Let q = -13 - -18. What is the units digit of q?
5
Let j(c) = c**2 - 2*c + 8. What is the tens digit of j(7)?
4
Suppose -2*b - 5*k + 3 = 0, -k - 2 = -3. Let v(g) = -10*g. What is the units digit of v(b)?
0
Let r(j) = -j**3 - 5*j**2 + 8*j + 7. Let s be r(-6). What is the units digit of (51/(-9))/(s/15)?
7
Let a = 1 - -181. What is the hundreds digit of a?
1
Let f(s) = s**3 + 7*s**2 - 10*s - 7. Let o be f(-8). What is the tens digit of (-1 + 15/o)*15?
1
Let r = -17 + 10. Let w = r - -11. What is the units digit of w?
4
Let r(h) = -h**2 + 15*h - 10. Let u be 2/((-111)/39 + 3). What is the units digit of r(u)?
6
Let j(o) = -2*o - 6 + 2*o - o. Let k be j(-6). Suppose 2*t + 4*f + 14 = k, -2*t - 24 = -6*t + 5*f. What is the units digit of t?
1
Let a(o) = 8*o - 12. What is the units digit of a(7)?
4
Let u(y) = 4*y - 2. Let n be u(-5). Let q = -10 - n. What is the units digit of q?
2
Let j = -3 + 5. Let s(b) = 3 + 3 - 1 - b - 4 + 10*b**j. What is the tens digit of s(1)?
1
Suppose -45*g - 456 = -49*g. What is the hundreds digit of g?
1
Let m = -52 + 169. What is the units digit of m?
7
Let h = -55 - -85. What is the units digit of h?
0
Suppose 244 = 8*k - 7*k. What is the hundreds digit of k?
2
Let r = -29 + 69. What is the tens digit of r?
4
Suppose 1440 = 4*x + 408. What is the hundreds digit of x?
2
Let q(y) = 15*y - 30. What is the tens digit of q(11)?
3
Suppose 4*b - 76 = -4*g, -b - 4*g = -0*g - 16. Suppose 3*u = 4*k - 16, 5*k - 4*u + 3*u - b = 0. Suppose k*h - h = 12. What is the units digit of h?
4
Let x(u) = u + 8. Let b be x(-7). Let i be 2 + (0 + b)*6. Suppose 4*l + 0*l = -i, -5*l - 34 = -4*h. What is the units digit of h?
6
Let d be (-2 + -1)*(-3 + 4). What is the units digit of (-55)/(-5) - (0 + d)?
4
Suppose 0 = g - 4 - 3. What is the units digit of g/4 + (-5)/(-20)?
2
Let h be 0*(-1 - 1/(-2)). Suppose 0*t + 2*t = h. Suppose -3*o + 0*o + 24 = t. What is the units digit of o?
8
Let w(b) = -7*b + 4*b**2 + 3*b**2 + b**3 + 15 - 5. Let v be w(-8). What is the tens digit of -11*1*(-3 + v)?
1
Let j(y) be the second derivative of y**5/20 - y**4/2 + 2*y**3/3 - y**2 + y. Let d be j(5). What is the units digit of d/(-3) - 1/3?
2
Suppose 2*v - 4*v + 43 = -5*y, 4*v = 2*y + 126. What is the tens digit of v?
3
Let s = -17 + 11. Let x(a) = 0 + 5*a**2 - 6*a + a**3 - 2*a - 5. What is the units digit of x(s)?
7
Let s(f) = -f**3 + 2*f + 1. Let c be s(2). Let u be ((-2)/(-3))/((-4)/(-30)). Let g = c + u. What is the units digit of g?
2
Suppose 5*j - j = 4*n, -3*n - 2*j + 10 = 0. Suppose 0 = -n*w + y + 2, -3*w + 5*y - 2 - 2 = 0. Suppose 7 = 3*g - w*g. What is the units digit of g?
7
Let s(q) = -q**3 + 5*q**2 + 6*q + 2. Let c be s(6). Let a(f) = 5*f + 2. What is the units digit of a(c)?
2
Suppose -4*w - 11 = -27. Suppose -7 = -w*x + s, 32 = 6*x - 2*x + 4*s. Suppose -k = 5*y + 24, k - y - x*y - 21 = 0. What is the units digit of k?
1
Let g be 1/((-9)/(-8) + -1). Suppose -18 = -2*k + g. Let j = 22 - k. What is the units digit of j?
9
Let s = -16 + 23. What is the units digit of s?
7
Let f = 53 - 25. What is the units digit of f?
8
Let m(b) be the first derivative of b**2/2 + b + 2. Let t be m(3). Suppose -f + 9 = -t. What is the tens digit of f?
1
Suppose 4*o = -3*x + 68, 0*x + x - 4*o = 28. What is the tens digit of x?
2
Let p(l) = l**2 - 3*l - 2. Let r be p(5). What is the units digit of r + (0 + 0 - 3)?
5
What is the units digit of 364/10 + 2/(-5) + -1?
5
Let b = -8 - -13. Suppose -b*d - 32 = -3*g - 170, -2*d = -g - 56. What is the tens digit of d?
3
Let n(p) = -p - 6. Suppose 4*j - 2 = 2*l, -3*j = -4*l + 2*j + 5. Let w be n(l). Let s = -1 - w. What is the units digit of s?
0
Suppose 0 = -5*r + 5 + 5. Let s = 10 - -8. Suppose -m - s - 10 = -5*f, -2*f - r*m = -4. What is the units digit of f?
5
Suppose 3*w = -2*w + 25. Suppose w*n - 30 = 5. What is the units digit of n?
7
Let j = -69 - -136. What is the units digit of j?
7
Let v be 16/5 - (-2)/(-10). Let x(h) = 3*h**3 - 4*h**2 - 3. What is the units digit of x(v)?
2
Let f = -4 + 9. Suppose 3*q + 3 = -4*h + 4, f*q = -5*h - 5. Suppose 0*v = v + l - h, -l = 5*v - 32. What is the units digit of v?
7
Let n = -2 + 3. Let r = -2 - -7. Suppose r + n = 2*c. What is the units digit of c?
3
Let o be (-59)/5 + 3/(-15). Let d be (o/8)/(6/(-16)). Suppose 0 = -g - 5*p - 0*p - 1, 0 = -2*p - d. What is the units digit of g?
9
Suppose -54*s = -57*s + 570. What is the units digit of s?
0
Let w(c) = c**2 - 11*c + 13. Let o be w(11). What is the units digit of o + (-4 + 2 - -3)?
4
Suppose -2*v + 40 = 2*v. Suppose 23*o - 48 = 20*o. Let w = o - v. What is the units digit of w?
6
Let o = -15 - -8. Suppose 20 = x - 5*x, -4*h - 3*x = 19. What is the units digit of h*(o - (2 + 1))?
0
What is the tens digit of (2/5)/(11/935)?
3
Suppose -4*o - f = -0*f - 14, -2*o + 18 = -5*f. Suppose 3*h - 132 = o*a, a + 157 = 5*h - 63. What is the tens digit of h?
4
Let t = -12 - -17. Suppose -105 = -t*w - 0*w. What is the units digit of w?
1
Suppose 11 = -h - 5*y, 3*y - y - 4 = -h. Suppose 4*j + 4 = 5*r, j - 5*r = -h - 2. What is the units digit of j?
4
Let g = -8 - -7. Let r(c) = 4 - c - 2 - 1. What is the units digit of r(g)?
2
What is the tens digit of (53 - 3) + 0 + 3?
5
Suppose -4*h = -3*a - 57, -a = -h - 0*a + 15. What is the units digit of (h/(-15))/((-2)/10)?
4
Let t be (-2)/(2 + 2)*-8. Suppose 2*o = 5*j - 2, j - t = 3*o + o. What is the units digit of j - (-1 + 0) - 0?
1
Let k(f) be the first derivative of 27*f**2 - 2*f - 9. What is the tens digit of k(1)?
5
Suppose -5*s - 6 = -31. Suppose -2*p - 2 = 0, 0*d - 2*d + s*p = -85. What is the units digit of d?
0
Suppose 3*p - 444 = 3*v - 0*v, 0 = 4*p + 2*v - 592. What is the units digit of p?
8
Let q be 12/7 - (-4)/14. Suppose 5*m - 27 = -q. Let v = m + 3. What is the units digit of v?
8
Suppose 0 = -8*y + 4*y + 92. Suppose 4*d = k - 0*d - y, 5*k - 4*d - 51 = 0. What is the units digit of k?
7
Let u = 86 - 31. What is the units digit of u?
5
Let y(f) = 5*f**2 + f. Let w be y(1). Suppose -3*p + 2*r - 4*r = -54, 5*p = -r + 90. Let t = p - w. What is the units digit of t?
2
Suppose 5*g + 3*f - 15 = 0, -g + 4 = 5*f + 23. Suppose -2*k + 4*k - 2 = 0. Let l = k + g. What is the units digit of l?
7
Let x(k) = k**2 - 4*k - 7. What is the units digit of x(6)?
5
Let u = 128 + -58. What is the tens digit of u?
7
Let u = -1 + 0. Let h be (-1 + 4)/(-2 - u). What is the units digit of 4*(0 + h/(-6))?
2
